et x = -7546 + 9841. What is the highest common factor of 540 and x?
135
Let z(t) = -44*t - 116. Let b be z(-10). Let s = b - 308. What is the highest common divisor of s and 144?
16
Let t = 3522 - 3516. Calculate the greatest common factor of t and 222.
6
Suppose a + 4*a = 2*u - 410, -5*u + 967 = 2*a. Suppose -22*i - u = -61*i. What is the greatest common divisor of i and 12?
1
Let j be 528 - 2*60/(-16)*(-20)/25. What is the highest common divisor of j and 609?
87
Let i be ((-4)/14)/((-4)/(34 - 6)). Suppose 103 = i*o - 57. Calculate the greatest common divisor of 5 and o.
5
Suppose -4*b - h = -120, -2*b - h + 0*h + 60 = 0. Calculate the greatest common factor of b and 80.
10
Let q(k) = 11 - 2*k**2 - 2*k + 6 + 14 - 25*k. Let r be q(-6). What is the highest common factor of 132 and r?
11
Let g(f) = -23*f + 303. Let l be g(13). Suppose p = l*c - 2076, 5*c - 2588 = 4*p - p. Calculate the greatest common divisor of 40 and c.
40
Suppose 0 = 5*o - 6 - 19. Suppose -o*t - 25 = 0, -5*t = 5*v - 2*v + 13. Let c be 14/567*9 - (-286)/9. Calculate the highest common divisor of c and v.
4
Let p(a) = 15*a - 14 - 24 + 7 + a. Let x(j) = -48*j + 93. Let o(f) = 8*p(f) + 3*x(f). Let s be o(-18). What is the greatest common factor of s and 29?
29
Let f be -9 + 4*(-4)/16. Let c be 5/(f/(-87)) + 2/4. Suppose 4*h = 2*k + 3*h - 7, -2*k = -5*h - 3. What is the greatest common divisor of c and k?
4
Let j be ((-18)/8)/((-234)/624). What is the greatest common factor of j and 64?
2
Let x(p) = 5*p - 6. Let n be x(4). Let u = -8125 - -8363. Calculate the greatest common divisor of u and n.
14
Suppose l - 5*q = 67, 6*q = l + 4*q - 55. Let c(k) = -k**2 - 19*k - 13. Let p be c(-15). What is the greatest common divisor of p and l?
47
Let k(g) = 202*g - 1236. Let z be k(7). Calculate the greatest common factor of 16 and z.
2
Suppose -9 - 15 = -6*x. Suppose -242 = -x*f + 4*w + 182, w = 0. Calculate the highest common divisor of f and 53.
53
Suppose 5 - 1 = w + 2*p, 0 = 4*w - 2*p - 56. Let z = -9 + w. Suppose 3*r = 2*r + 2*a + 18, 5*r + a - 57 = 0. What is the greatest common divisor of r and z?
3
Suppose 45*y - 803 = -14*y + 1144. Calculate the greatest common divisor of 7821 and y.
33
Suppose -2*z + 2*w = -5*z + 44, -38 = -2*z + 3*w. Suppose z*i - 4*i = 2808. What is the highest common divisor of i and 18?
18
Suppose -2*j - 2*j = -16. Let w be (-3)/((-6)/8) + (1 - -70). Let z be (-538)/(-15) + (-4 - (-310)/w). Calculate the highest common factor of z and j.
4
Suppose 3*i - 3*w = -i + 2928, w = -4*i + 2928. Let k be -42*(-30)/100 - 39/65. What is the highest common factor of i and k?
12
Let q(i) = i**2 - 26*i - 3065. Let k be q(70). Calculate the greatest common factor of k and 12870.
15
Let z be 10/(-8)*4 + 1808. Suppose z = 21*b - 3. What is the greatest common divisor of b and 129?
43
Suppose 6*w = 3380 - 218. Let m be 810/48 + 3/24. What is the greatest common factor of w and m?
17
Let p(z) = -209*z + 1430. Let c be p(-16). What is the greatest common divisor of 93 and c?
31
Suppose 4*f - 594 = 4*x - 1478, 2*x = 0. Let c = f + 229. What is the highest common divisor of 104 and c?
8
Suppose -57*u - 200 = -62*u. Let z be (4/4 + (1 - -1))*-27. Let b = 141 + z. Calculate the greatest common divisor of b and u.
20
Let z be ((-2660)/30 + 9)*(1 + -40). Calculate the greatest common factor of 1912 and z.
239
Let p = 54 - 50. Let r(h) = h**3 - 32*h**2 - 146*h + 110. Let a be r(36). What is the greatest common divisor of p and a?
2
Let z(x) = -11 - 55*x - 2 + 56*x. Let f be z(-4). Let n(h) = -2*h - 26. Let r be n(f). What is the greatest common factor of r and 128?
8
Suppose -5*m = 3*a - 230, 0 = 5*a + 5*m + 3158 - 3538. Calculate the highest common divisor of a and 625.
25
Let v be (-3 + 26/3)*-6. Let t = v - -148. Suppose -16*p + 18*p = 152. What is the highest common factor of p and t?
38
Suppose 10*z = 11*z + 12. Let o = 16 + z. Let r be (1/(-3))/((-3)/108). What is the greatest common factor of o and r?
4
Let f = -72 - -71. Let c be ((-33)/(-22))/(1/(-2)*f). Suppose i = c*i - 462. Calculate the highest common factor of 33 and i.
33
Let h = 1899 + 2421. Calculate the greatest common divisor of 270 and h.
270
Suppose -57 = -3*i - 18. Let m be ((-588)/(-112))/(9/12). Let d(x) = x + 45. Let b be d(m). What is the greatest common factor of i and b?
13
Suppose -2*l = -l + 26. Let c be 0/(-2) - l/1. Suppose 191599 = 71*y + 191315. Calculate the greatest common divisor of c and y.
2
Let o be (-56)/(-3 - -10) + 11 - -46. Calculate the greatest common factor of o and 651.
7
Let p be -4*((-6)/6 + 0). Suppose 3*d - p*d + 65 = 4*z, -2*z - 139 = -3*d. What is the highest common factor of d and 21?
7
Let p be -1*(-160)/(-48)*(-48)/5. Suppose -22*i = -p*i + 1500. Calculate the greatest common factor of 15 and i.
15
Suppose -3*c + 4*i = -45, 0 = 5*c - 2*i + 3*i - 52. Suppose -f = -2*f + c. Calculate the highest common divisor of f and 11.
11
Suppose 5*r = -2*x - 2, -r + x - 14 = 4*r. Let y be 2/(1/3*r) - -22. What is the greatest common factor of y and 133?
19
Suppose -13*s + 120 = 276. Let x(c) = -3*c**2 - 3*c - 1. Let l be x(-2). Let z be (-622)/s - (1 + l/6). What is the greatest common divisor of 416 and z?
52
Let l(h) = h**3 + 3*h**2 - 6*h - 6. Let n be l(-3). Let s = n + 5. Suppose -13*m - 12 = -s*m. Calculate the highest common divisor of m and 1.
1
Let j = 34 - 17. Suppose 11*l = j*l + 264. Let k = l - -54. Calculate the highest common factor of 90 and k.
10
Let q = -399 - -2407. Suppose 0 = -13*j + q - 669. Let t = j - 92. Calculate the greatest common factor of 88 and t.
11
Let g = -2913 - -2961. What is the highest common divisor of 1664 and g?
16
Let h(k) = k**2 - k + 50. Let u be h(0). Suppose 51 = 2*y - 61 + 92. What is the highest common divisor of y and u?
10
Suppose -85 = -0*d - 5*d. Suppose 3*l + 22*m - 19*m = 0, -4*m = -3*l + 14. Suppose -k - l = -d. What is the highest common divisor of 90 and k?
15
Let q = -11267 + 14187. What is the greatest common divisor of 80 and q?
40
Suppose -510*r = -397*r - 54692. Let q(k) = -k**3 - 7*k**2 + 4*k + 12. Let o be q(-8). What is the greatest common divisor of o and r?
44
Let z = -4 - -12. Let o = 2484 + -2483. What is the greatest common factor of z and o?
1
Let o = 582 + 418. Suppose -8*r + 11*r = -2*y + o, -4*y = -2*r + 640. Calculate the greatest common divisor of r and 264.
66
Let y(t) = 18*t + 85. Let k be -3 - (49/(-7))/(-7). Let r be y(k). Calculate the greatest common factor of 1313 and r.
13
Suppose -873 = -3*a - 3*l, 4*a - 3*a - 276 = -4*l. Let g be 7/(-560)*-8 + 1971/(-10). Let t = a + g. What is the greatest common factor of t and 22?
11
Let f = 2784 + -2604. What is the greatest common factor of 36 and f?
36
Suppose -2388 = -3*h - 4*a, -3162 = -4*h - 214*a + 216*a. What is the greatest common factor of h and 45?
9
Suppose -j - 5*o = -6881 - 10392, -5*j = o - 86365. What is the highest common factor of 23 and j?
23
Let v(q) = -2*q**3 + 10*q**2 + 43*q + 28. Let c be v(-3). Calculate the highest common divisor of c and 3569.
43
Let u(n) = -n**2 + 30*n + 1585. Let x be u(-25). What is the greatest common divisor of x and 10185?
105
Let s(y) = -13*y - 13. Let a be s(-4). Suppose -r = -3*r - 5*o + 154, 0 = 5*o. Let v = r - 12. Calculate the greatest common factor of a and v.
13
Suppose 0*l + 2*l = 1010. Let d be (-35)/(-21)*36/15. Let y be d/(-18) + (l/9)/5. Calculate the greatest common factor of y and 33.
11
Let w be 3615 - (60/6)/(-5). Suppose 6*r = w - 425. Calculate the highest common factor of 76 and r.
76
Let x be 1182/(-5) + 3/((-75)/(-10)). Let d be (12/(-4))/(-4 - x/60). Calculate the greatest common factor of d and 18.
9
Suppose -192*s - 19776 = -240*s. What is the highest common factor of 156 and s?
4
Let y = 12286 - 11014. Calculate the greatest common divisor of y and 348.
12
Suppose 6*j + 8*j + 1484 = 0. Let c be -6 + 7 - 9/6*j. Let h(l) = l**3 - l - 4. Let n be h(3). Calculate the greatest common divisor of c and n.
20
Let i = 298 - 291. Suppose -i*u + 225 = -125. Calculate the highest common factor of u and 10.
10
Let g = 18582 - 13275. Calculate the highest common factor of 549 and g.
183
Let i = 2935 - 2617. What is the highest common factor of i and 4293?
159
Let p = 64 - 44. Suppose 16*t = p*t - 12. Let b be